2
Suppose 4*o - 4*r - 245784 = 0, 623*r - 618*r + 5 = 0. What is the units digit of o?
5
Suppose 11*t - 948 = 8*t. Let o = t + 176. What is the hundreds digit of o?
4
Let n(o) = -30*o**3 - 24*o**2 - 100*o + 6. Let l be n(-6). Suppose l = 8*f - 866. What is the units digit of f?
6
Let x = 6694 + -6614. What is the tens digit of x?
8
Let p(z) be the second derivative of z**5/20 - z**4/6 - 13*z**3/6 + 25*z**2/2 + 2*z + 14. What is the tens digit of p(7)?
7
Let v(c) = -4439*c + 12. Let p be v(-1). What is the units digit of (-4)/((-32)/p) + (-51)/136?
6
Let m(z) = -57*z - 14. Let t(h) = 19*h + 5. Let q(f) = -3*f - 38. Let c be q(-15). Let j(x) = c*t(x) + 2*m(x). What is the tens digit of j(5)?
0
Let h(b) = -4*b**3 - 7*b**2 - 4*b + 2. Let s be h(-4). Suppose s = 3*g + 3*i, -2*i + 4*i + 298 = 5*g. What is the tens digit of (-3 - -3 - g)*-2?
1
Let p(u) = -u**3 + 13*u + 29. Let a be p(-5). Let t = 81 + a. What is the hundreds digit of t?
1
Suppose g + 6 = b, 24 = -g - 50*b + 45*b. What is the hundreds digit of (0 - 0) + (-4104)/(-8) + g?
5
Let o = 5752 - -4558. What is the tens digit of o?
1
What is the ten thousands digit of 14 - (1 - -17) - 5/(15/(-145854))?
4
Let n(f) = -17 + 6*f - 12 + 61 + 5*f + 81. What is the tens digit of n(39)?
4
Let t(b) be the third derivative of 43*b**4/8 + 193*b**3/6 - 6*b**2 + 3. What is the hundreds digit of t(6)?
9
Suppose 0 = -2*q - 31 + 37. Let r be (-6501)/(-15) + (26/10 - q). Suppose 2*f - 283 = 3*v, 4*f + 5*v - r = 78. What is the units digit of f?
4
Suppose 31*f - 2*h + 24454 = 33*f, 0 = 2*f + h - 24451. What is the ten thousands digit of f?
1
Suppose -l - 3*l = -24. Let f(s) = -l*s - 2*s**2 + 23 - 2 + 2*s**2 + s**2. What is the tens digit of f(6)?
2
Let j be (-9*-6*3)/(6 + -4). Let v = j - -201. What is the hundreds digit of v?
2
Let t(a) = -2*a**2 + 17*a - 44. Let s be t(5). What is the tens digit of s + (108 - -2) + 2*-1?
9
Let f(k) = k**3 - 20*k**2 - 19*k + 20. Suppose z = -2*y - 4*z, 0 = 5*y + 4*z. Suppose y = j + 4*j - 105. What is the tens digit of f(j)?
6
Let y = -25820 + 45345. What is the tens digit of y?
2
Let f(z) = -4*z**3 + 157*z**2 - 3*z + 286. What is the ten thousands digit of f(31)?
3
Let b(w) = -8*w**2 + 9*w + 9. Let a be b(-1). What is the hundreds digit of (40 - a)*(-22)/(-3)?
3
Suppose -2*q - 2*q = 5*g - 1, g + 4*q = -3. Let d(s) = -5*s + 428. Let m be d(26). What is the units digit of -1 + m/(3 - g) + 1?
9
Let h(f) = -2*f**3 - 16*f**2 - 3*f - 53. Let z(m) = -m**3 - 8*m**2 - 2*m - 26. Let j(t) = 6*h(t) - 13*z(t). Let o = -307 + 301. What is the units digit of j(o)?
4
Let d be ((-4)/2 - -6)*1. Suppose 4*f = 3*a + 43 - d, -a - 11 = -f. What is the hundreds digit of f*(-1)/4*-86 - -3?
1
Let m(c) = 34*c**2 - 14*c + 740. What is the ten thousands digit of m(-28)?
2
Let i be (-1)/(-4) + (3318/24)/7. Let k = i - 15. Suppose -1512 = -4*t - k*t. What is the hundreds digit of t?
1
Let q(z) = 6*z - 8. Let l be q(2). Suppose -r - l = -9. What is the tens digit of 353/r - (-12)/30?
7
Let o be 4 - (-4013 + (-6 - -6)). Let r = o - 2215. What is the tens digit of r?
0
Let y = -135 - -60. Let z be (-4694)/(-10) + 30/y. Let n = z + -267. What is the tens digit of n?
0
Let q(y) = y - 76. Let c be q(0). Let n = 61 + c. Let j = 78 - n. What is the units digit of j?
3
Let d be 4/(3 - 4) + 8360/2. Suppose -1551 + d = 21*h. What is the units digit of h?
5
Let r = -325 - -389. Suppose m + 5*u = -32, 4*u + 99 = -3*m - 30. Let c = r + m. What is the units digit of c?
7
What is the hundreds digit of 4444/12 - (-7 - (-96)/18)?
3
What is the hundreds digit of 8209 - (-20 + (-484)/(-33) - 2/(-6))?
2
Let m(a) = 10*a**2 + 6*a + 11. Let i(d) = d**2 + 1. Let u(p) = -3*i(p) + m(p). Let r be u(-6). Let q = 313 - r. What is the tens digit of q?
8
Let v be 1*-3 - 9612/(-6 - 3). Let m = v - 672. What is the tens digit of m?
9
Let d be 1*(-19 + -3)*1. What is the hundreds digit of 2/(-16)*d*(40 + 4)?
1
Suppose -q - 3*y = -0*q - 49, 3*y = 5*q - 335. Let c = 17 + -13. Suppose 0 = t + c*f - 23, 4*t = -2*f + q + 84. What is the tens digit of t?
3
Let u(v) = 18*v + 85*v**2 + 310 + v**3 - 86*v**2 - 7*v. What is the hundreds digit of u(0)?
3
Let a = 65 + -63. Suppose -t = -a*t + m + 328, 4*m = 3*t - 989. What is the units digit of t?
3
Let n(k) = -3*k - 94. Let x be n(-32). Suppose -4212 = -3*l + x*d + d, -d = l - 1412. What is the units digit of l?
8
Let d(f) = 3*f**2 + 3*f. Let w be d(-6). Let z = w - 75. What is the units digit of (4/(-12))/((-1)/z)?
5
Let o(v) = v**3 + 5*v**2 - 5*v + 9. Let n be o(-6). Suppose 5*r = -25, -3*q - 5 = -n*r + 4*r. Let c(j) = 6*j + 96. What is the tens digit of c(q)?
9
Suppose 0 = 5*f + 10, -27*k + 29*k + f = 20352. What is the tens digit of k?
7
Let o = -2310 + 3746. Let t = -777 + o. What is the tens digit of t?
5
Let t(l) = 28*l + 11. Let j(d) = -8*d**3 + 2*d + 2. Let z be j(-1). Let i be t(z). Suppose 7*y = 241 + i. What is the units digit of y?
8
Let j(w) = -6*w + 3. Let r be j(-7). Let k = 45 - r. Let m(z) = z**2 + z + 82. What is the units digit of m(k)?
2
Let b = -1 - -5. Suppose o = b*x - 9659 + 332, 4659 = 2*x + o. What is the units digit of x/28 + (-3)/12?
3
Let q = 88525 - 59535. What is the units digit of q?
0
Let c(k) = -637*k + 106. What is the thousands digit of c(-4)?
2
Suppose 5*c - 313734 = 2*x + 130034, 3*x - 177530 = -2*c. What is the ten thousands digit of c?
8
Let g = 358 - 354. Suppose -5*v + g*z = 3*z - 3319, -z = -3*v + 1993. What is the tens digit of v?
6
Suppose -2261951 = -103*r - 60*r. What is the hundreds digit of r?
8
Let h = -16 + 10. Let r(x) = -1242 + 596 + 624 - 4*x - 21*x. What is the tens digit of r(h)?
2
Let q(z) = -z**2 + 13*z - 30. Let l be q(10). Suppose -2*m + l + 8 = 0, 0 = 4*u - 3*m - 908. What is the units digit of u?
0
Suppose 81 = 12*b - 39. Let f(y) = y**2 - 9 + b + 3*y - 3*y. What is the tens digit of f(-5)?
2
Let s(i) = 19*i**2 - 58*i + 312. What is the units digit of s(7)?
7
Suppose 2*r - 6403 = 5*p, 2*p + 1142 + 2058 = r. Let n = -1765 + r. What is the tens digit of n?
2
Suppose 0 = l - 25 + 186. Let y = l + 111. Let w = 52 + y. What is the units digit of w?
2
Suppose -49*o = -37*o - 44988. Let z = o + -2597. What is the hundreds digit of z?
1
Suppose 21*c - 23*c - 4382 = -d, 4*d = -2*c + 17498. What is the hundreds digit of d?
3
Suppose 623 = i - 4*l, 0 = -5*i + 14*l - 10*l + 3115. Suppose -13*n + 2458 = -i. What is the hundreds digit of n?
2
Let d = 450 - 156. Let w = 42 + d. What is the hundreds digit of w?
3
Let d = 41372 - 21895. What is the hundreds digit of d?
4
Let h(b) = -4*b**2 + 24*b. Let x be h(15). Let r = x + 973. What is the hundreds digit of r?
4
Let o(s) = 96*s**3 - 3*s**2 + 27*s - 171. What is the units digit of o(7)?
9
What is the units digit of -8 + ((-14548534)/22)/(-13)?
1
What is the units digit of 56641 + 0 + 4 - (-50 - -40)?
5
Let k be (-2)/7 - 6275/(-35). Let o = 207 - k. What is the tens digit of o?
2
Suppose 0 = 93*r - 94*r - 3*v + 6144, -2*r + 5*v = -12288. What is the tens digit of r?
4
Let y = 101856 + -58511. What is the thousands digit of y?
3
Let y(t) = -t**2 + 659*t - 98. What is the thousands digit of y(89)?
0
Let p(j) = 1918*j**2. Let c be p(1). Suppose -37*b + 22749 - c = 0. What is the tens digit of b?
6
Suppose 50*m + 320 = 60*m. Let j(z) = z**2 - 18*z + 4. What is the tens digit of j(m)?
5
Suppose -3*r + 373 + 32 = 0. What is the units digit of 90/r - (1027/(-3) + -2)?
5
Let z(t) = -6*t + 6. Let r be z(4). Let s be (r/(-6))/((-3)/(-2)). What is the tens digit of 405/((-7)/s + 5)?
7
Suppose -3*o - 5*p + 1447 - 1060 = 0, 0 = -2*p - 6. Let x(s) = -s**3 + 6*s**2 + 1. Let f be x(6). What is the units digit of (-2 + (o - -2))/f?
4
Suppose 6*g = 18 + 12. Suppose -w = -2*w + g. Suppose k = -3*h + 53, w*k - 4*h - 272 = 50. What is the tens digit of k?
6
Let r(d) = 3158*d + 480. What is the thousands digit of r(11)?
5
Let r(y) = -801*y - 1655. What is the units digit of r(-3)?
8
Suppose 12*m - 252 = 13*m. Let v = 354 + m. What is the tens digit of v?
0
Let f(z) = 520*z**2 - 19*z - 114. What is the tens digit of f(11)?
9
Let t = 29 - 31. Let v be -69 + 1*6/t. Let d = v + 111. What is the tens digit of d?
3
Let b = -7914 - -13816. What is the thousands digit of b?
5
Suppose -3*w = -3 - 21. What is the units digit of (w +